{"id":1275,"date":"2021-03-17T10:08:55","date_gmt":"2021-03-17T10:08:55","guid":{"rendered":"https:\/\/stage.startertemplatecloud.com\/e10\/?page_id=1275"},"modified":"2023-11-16T13:48:07","modified_gmt":"2023-11-16T13:48:07","slug":"o-nas","status":"publish","type":"page","link":"https:\/\/teamlex.pl\/index.php\/o-nas\/","title":{"rendered":"O nas"},"content":{"rendered":"<style>.kb-row-layout-wrap.wp-block-kadence-rowlayout.kb-row-layout-id1275_1019ea-cc{margin-top:0px;margin-bottom:0px;}.kb-row-layout-id1275_1019ea-cc > .kt-row-column-wrap{align-content:end;}:where(.kb-row-layout-id1275_1019ea-cc > .kt-row-column-wrap) > .wp-block-kadence-column{justify-content:end;}.kb-row-layout-id1275_1019ea-cc > .kt-row-column-wrap{column-gap:var(--global-kb-gap-none, 0rem );row-gap:var(--global-kb-gap-none, 0rem );max-width:1242px;margin-left:auto;margin-right:auto;padding-top:0px;padding-right:0px;padding-bottom:0px;padding-left:0px;min-height:400px;grid-template-columns:repeat(2, minmax(0, 1fr));}.kb-row-layout-id1275_1019ea-cc{background-color:#10151b;background-image:url('https:\/\/teamlex.pl\/wp-content\/uploads\/2023\/11\/o-nas.jpg');background-size:cover;background-position:75% 12%;background-attachment:scroll;background-repeat:no-repeat;}.kb-row-layout-id1275_1019ea-cc > .kt-row-layout-overlay{opacity:1;}@media all and (max-width: 1024px){.kb-row-layout-id1275_1019ea-cc > .kt-row-column-wrap{padding-right:100px;padding-left:100px;grid-template-columns:repeat(2, minmax(0, 1fr));}}@media all and (max-width: 767px){.kb-row-layout-id1275_1019ea-cc > .kt-row-column-wrap{padding-top:0px;padding-right:30px;padding-bottom:0px;padding-left:30px;grid-template-columns:minmax(0, 1fr);}.kb-row-layout-id1275_1019ea-cc > .kt-row-column-wrap > .wp-block-kadence-column:nth-child(1 of *:not(style)){order:2;}.kb-row-layout-id1275_1019ea-cc > .kt-row-column-wrap > .wp-block-kadence-column:nth-child(2 of *:not(style)){order:1;}.kb-row-layout-id1275_1019ea-cc > .kt-row-column-wrap > .wp-block-kadence-column:nth-child(3 of *:not(style)){order:12;}.kb-row-layout-id1275_1019ea-cc > .kt-row-column-wrap > .wp-block-kadence-column:nth-child(4 of *:not(style)){order:11;}.kb-row-layout-id1275_1019ea-cc > .kt-row-column-wrap > .wp-block-kadence-column:nth-child(5 of *:not(style)){order:22;}.kb-row-layout-id1275_1019ea-cc > .kt-row-column-wrap > .wp-block-kadence-column:nth-child(6 of *:not(style)){order:21;}.kb-row-layout-id1275_1019ea-cc > .kt-row-column-wrap > .wp-block-kadence-column:nth-child(7 of *:not(style)){order:32;}.kb-row-layout-id1275_1019ea-cc > .kt-row-column-wrap > .wp-block-kadence-column:nth-child(8 of *:not(style)){order:31;}}<\/style><div class=\"kb-row-layout-wrap kb-row-layout-id1275_1019ea-cc alignnone kt-row-has-bg wp-block-kadence-rowlayout\"><div class=\"kt-row-column-wrap kt-has-2-columns kt-row-layout-equal kt-tab-layout-equal kt-mobile-layout-row kt-row-valign-bottom\">\n<style>.kadence-column1275_c07783-98 > .kt-inside-inner-col{padding-top:0px;padding-right:0px;padding-bottom:0px;padding-left:30px;}.kadence-column1275_c07783-98 > .kt-inside-inner-col,.kadence-column1275_c07783-98 > .kt-inside-inner-col:before{border-top-left-radius:0px;border-top-right-radius:0px;border-bottom-right-radius:0px;border-bottom-left-radius:0px;}.kadence-column1275_c07783-98 > .kt-inside-inner-col{column-gap:var(--global-kb-gap-sm, 1rem);}.kadence-column1275_c07783-98 > .kt-inside-inner-col{flex-direction:column;}.kadence-column1275_c07783-98 > .kt-inside-inner-col > .aligncenter{width:100%;}.kadence-column1275_c07783-98 > .kt-inside-inner-col:before{opacity:0.3;}.kadence-column1275_c07783-98{position:relative;}@media all and (max-width: 1024px){.kadence-column1275_c07783-98 > .kt-inside-inner-col{flex-direction:column;justify-content:center;}}@media all and (max-width: 767px){.kadence-column1275_c07783-98 > .kt-inside-inner-col{padding-top:0px;padding-right:0px;padding-bottom:0px;padding-left:0px;flex-direction:column;justify-content:center;}}<\/style>\n<div class=\"wp-block-kadence-column kadence-column1275_c07783-98 inner-column-1\"><div class=\"kt-inside-inner-col\"><style>.wp-block-kadence-advancedheading.kt-adv-heading1275_7fcc9b-11, .wp-block-kadence-advancedheading.kt-adv-heading1275_7fcc9b-11[data-kb-block=\"kb-adv-heading1275_7fcc9b-11\"]{padding-bottom:20px;line-height:65px;font-style:normal;}.wp-block-kadence-advancedheading.kt-adv-heading1275_7fcc9b-11 mark.kt-highlight, .wp-block-kadence-advancedheading.kt-adv-heading1275_7fcc9b-11[data-kb-block=\"kb-adv-heading1275_7fcc9b-11\"] mark.kt-highlight{font-style:normal;color:#f76a0c;-webkit-box-decoration-break:clone;box-decoration-break:clone;padding-top:0px;padding-right:0px;padding-bottom:0px;padding-left:0px;}<\/style>\n<h1 class=\"kt-adv-heading1275_7fcc9b-11 wp-block-kadence-advancedheading has-theme-palette-9-color has-text-color\" data-kb-block=\"kb-adv-heading1275_7fcc9b-11\">O nas<\/h1>\n<\/div><\/div>\n\n\n<style>.kadence-column1275_c7bf1a-fd > .kt-inside-inner-col,.kadence-column1275_c7bf1a-fd > .kt-inside-inner-col:before{border-top-left-radius:0px;border-top-right-radius:0px;border-bottom-right-radius:0px;border-bottom-left-radius:0px;}.kadence-column1275_c7bf1a-fd > .kt-inside-inner-col{column-gap:var(--global-kb-gap-sm, 1rem);}.kadence-column1275_c7bf1a-fd > .kt-inside-inner-col{flex-direction:column;}.kadence-column1275_c7bf1a-fd > .kt-inside-inner-col > .aligncenter{width:100%;}.kadence-column1275_c7bf1a-fd > .kt-inside-inner-col:before{opacity:0.3;}.kadence-column1275_c7bf1a-fd{position:relative;}@media all and (max-width: 1024px){.kadence-column1275_c7bf1a-fd > .kt-inside-inner-col{flex-direction:column;justify-content:center;}}@media all and (max-width: 767px){.kadence-column1275_c7bf1a-fd > .kt-inside-inner-col{flex-direction:column;justify-content:center;}}<\/style>\n<div class=\"wp-block-kadence-column kadence-column1275_c7bf1a-fd inner-column-2\"><div class=\"kt-inside-inner-col\"><\/div><\/div>\n\n<\/div><\/div>\n\n<style>.kb-row-layout-wrap.wp-block-kadence-rowlayout.kb-row-layout-id1275_dc4adb-b9{margin-top:0px;margin-bottom:0px;}.kb-row-layout-id1275_dc4adb-b9 > .kt-row-column-wrap{align-content:start;}:where(.kb-row-layout-id1275_dc4adb-b9 > .kt-row-column-wrap) > .wp-block-kadence-column{justify-content:start;}.kb-row-layout-id1275_dc4adb-b9 > .kt-row-column-wrap{column-gap:var(--global-kb-gap-none, 0rem );row-gap:var(--global-kb-gap-none, 0rem );padding-top:0px;padding-right:0px;padding-bottom:0px;padding-left:0px;grid-template-columns:minmax(0, 1fr);}.kb-row-layout-id1275_dc4adb-b9 > .kt-row-layout-overlay{opacity:0.50;background-image:url('https:\/\/teamlex.pl\/wp-content\/uploads\/2021\/01\/bg_01.png');background-size:auto;background-position:50% 50%;background-attachment:scroll;background-repeat:no-repeat;mix-blend-mode:multiply;}@media all and (max-width: 1024px){.kb-row-layout-id1275_dc4adb-b9 > .kt-row-column-wrap{padding-top:60px;padding-right:100px;padding-bottom:0px;padding-left:100px;grid-template-columns:minmax(0, 1fr);}}@media all and (max-width: 767px){.kb-row-layout-id1275_dc4adb-b9 > .kt-row-column-wrap{padding-right:20px;padding-left:20px;grid-template-columns:minmax(0, 1fr);}}<\/style><div class=\"kb-row-layout-wrap kb-row-layout-id1275_dc4adb-b9 aligncenter kt-row-has-bg wp-block-kadence-rowlayout\"><div class=\"kt-row-layout-overlay kt-row-overlay-normal\"><\/div><div class=\"kt-row-column-wrap kt-has-1-columns kt-row-layout-equal kt-tab-layout-inherit kt-mobile-layout-row kt-row-valign-top\">\n<style>.kadence-column1275_e84ea2-71 > .kt-inside-inner-col,.kadence-column1275_e84ea2-71 > .kt-inside-inner-col:before{border-top-left-radius:0px;border-top-right-radius:0px;border-bottom-right-radius:0px;border-bottom-left-radius:0px;}.kadence-column1275_e84ea2-71 > .kt-inside-inner-col{column-gap:var(--global-kb-gap-sm, 1rem);}.kadence-column1275_e84ea2-71 > .kt-inside-inner-col{flex-direction:column;}.kadence-column1275_e84ea2-71 > .kt-inside-inner-col > .aligncenter{width:100%;}.kadence-column1275_e84ea2-71 > .kt-inside-inner-col:before{opacity:0.3;}.kadence-column1275_e84ea2-71{position:relative;}@media all and (max-width: 1024px){.kadence-column1275_e84ea2-71 > .kt-inside-inner-col{flex-direction:column;justify-content:center;}}@media all and (max-width: 767px){.kadence-column1275_e84ea2-71 > .kt-inside-inner-col{flex-direction:column;justify-content:center;}}<\/style>\n<div class=\"wp-block-kadence-column kadence-column1275_e84ea2-71 inner-column-1\"><div class=\"kt-inside-inner-col\">\n<figure class=\"wp-block-pullquote\"><blockquote><p>Rzetelno\u015b\u0107 to fundament, na kt\u00f3rym buduje si\u0119 bezpiecze\u0144stwo finansowe; precyzyjno\u015b\u0107 w liczbach jest kluczem do solidnej struktury ka\u017cdego sukcesu biznesowego.<\/p><\/blockquote><\/figure>\n<\/div><\/div>\n\n<\/div><\/div>\n\n<style>.kb-row-layout-id1275_1bc922-48 > .kt-row-column-wrap{align-content:start;}:where(.kb-row-layout-id1275_1bc922-48 > .kt-row-column-wrap) > .wp-block-kadence-column{justify-content:start;}.kb-row-layout-id1275_1bc922-48 > .kt-row-column-wrap{column-gap:var(--global-kb-gap-none, 0rem );row-gap:var(--global-kb-gap-none, 0rem );padding-top:0px;padding-right:0px;padding-bottom:0px;padding-left:0px;grid-template-columns:minmax(0, 1fr);}.kb-row-layout-id1275_1bc922-48 > .kt-row-layout-overlay{opacity:1;background-image:url('https:\/\/teamlex.pl\/wp-content\/uploads\/2021\/01\/wave_tr_bg.png');background-size:auto;background-position:center center;background-attachment:scroll;background-repeat:repeat;}@media all and (max-width: 1024px){.kb-row-layout-id1275_1bc922-48 > .kt-row-column-wrap{grid-template-columns:minmax(0, 1fr);}}@media all and (max-width: 767px){.kb-row-layout-id1275_1bc922-48 > .kt-row-column-wrap{grid-template-columns:minmax(0, 1fr);}}<\/style><div class=\"kb-row-layout-wrap kb-row-layout-id1275_1bc922-48 alignnone has-theme-palette4-background-color kt-row-has-bg wp-block-kadence-rowlayout\"><div class=\"kt-row-layout-overlay kt-row-overlay-normal\"><\/div><div class=\"kt-row-column-wrap kt-has-1-columns kt-row-layout-equal kt-tab-layout-inherit kt-mobile-layout-row kt-row-valign-top\">\n<style>.kadence-column1275_e52bc8-67 > .kt-inside-inner-col,.kadence-column1275_e52bc8-67 > .kt-inside-inner-col:before{border-top-left-radius:0px;border-top-right-radius:0px;border-bottom-right-radius:0px;border-bottom-left-radius:0px;}.kadence-column1275_e52bc8-67 > .kt-inside-inner-col{column-gap:var(--global-kb-gap-sm, 1rem);}.kadence-column1275_e52bc8-67 > .kt-inside-inner-col{flex-direction:column;}.kadence-column1275_e52bc8-67 > .kt-inside-inner-col > .aligncenter{width:100%;}.kadence-column1275_e52bc8-67 > .kt-inside-inner-col:before{opacity:0.3;}.kadence-column1275_e52bc8-67{position:relative;}@media all and (max-width: 1024px){.kadence-column1275_e52bc8-67 > .kt-inside-inner-col{flex-direction:column;justify-content:center;}}@media all and (max-width: 767px){.kadence-column1275_e52bc8-67 > .kt-inside-inner-col{flex-direction:column;justify-content:center;}}<\/style>\n<div class=\"wp-block-kadence-column kadence-column1275_e52bc8-67\"><div class=\"kt-inside-inner-col\">\n<p><\/p>\n\n\n\n<div class=\"wp-block-columns is-layout-flex wp-container-core-columns-is-layout-9d6595d7 wp-block-columns-is-layout-flex\">\n<div class=\"wp-block-column is-layout-flow wp-block-column-is-layout-flow\" style=\"flex-basis:25%\"><\/div>\n\n\n\n<div class=\"wp-block-column is-layout-flow wp-block-column-is-layout-flow\" style=\"flex-basis:50%\">\n<p class=\"has-theme-palette-9-color has-text-color has-link-color wp-elements-a281a0b1bd1f31880e1a0fd8bd0ba7c8\">Bran\u017cowy Zesp\u00f3\u0142 Rozliczeniowy Teamlex to przedsi\u0119biorstwo stawiaj\u0105ce na dynamiczny rozw\u00f3j swoich klient\u00f3w poprzez pomoc i doradztwo w kompleksowej obs\u0142udze w zakresie finans\u00f3w, kadr i prawa podatkowego.<\/p>\n\n\n\n<p class=\"has-theme-palette-9-color has-text-color has-link-color wp-elements-15d405dc2dfb344281a9695d2956fd01\">Dzia\u0142amy na rynku od wielu lat, zdobywaj\u0105c bogate do\u015bwiadczenie i wypracowuj\u0105c solidn\u0105 reputacj\u0119 w\u015br\u00f3d klient\u00f3w. Nasz zesp\u00f3\u0142 sk\u0142ada si\u0119 z wysoko wykwalifikowanych ksi\u0119gowych, prawnik\u00f3w i ekspert\u00f3w ds. kadr, kt\u00f3rzy s\u0105 gotowi sprosta\u0107 najbardziej wymagaj\u0105cym wyzwaniom z zakresu regulacji podatkowych i prawa pracy.<\/p>\n\n\n\n<p class=\"has-theme-palette-9-color has-text-color has-link-color wp-elements-d9a2b078a04e7e46b9119b66a9988129\">Naszym celem jest \u015bwiadczenie us\u0142ug na najwy\u017cszym poziomie, dostosowanych do indywidualnych potrzeb klient\u00f3w, zapewniaj\u0105c im spok\u00f3j umys\u0142u i skoncentrowanie si\u0119 na rozwoju swojego biznesu. Dzi\u0119ki dog\u0142\u0119bnej wiedzy bran\u017cowej, sumienno\u015bci i profesjonalizmowi, jeste\u015bmy partnerem godnym zaufania dla firm, kt\u00f3re pragn\u0105 skutecznej i bezpiecznej obs\u0142ugi finansowo-prawnej.<\/p>\n\n\n\n<p><\/p>\n<\/div>\n\n\n\n<div class=\"wp-block-column is-layout-flow wp-block-column-is-layout-flow\" style=\"flex-basis:25%\"><\/div>\n<\/div>\n\n\n\n<p><\/p>\n<\/div><\/div>\n\n<\/div><\/div>","protected":false},"excerpt":{"rendered":"<p>O nas Rzetelno\u015b\u0107 to fundament, na kt\u00f3rym buduje si\u0119 bezpiecze\u0144stwo finansowe; precyzyjno\u015b\u0107 w liczbach jest kluczem do solidnej struktury ka\u017cdego sukcesu biznesowego. Bran\u017cowy Zesp\u00f3\u0142 Rozliczeniowy Teamlex to przedsi\u0119biorstwo stawiaj\u0105ce na dynamiczny rozw\u00f3j swoich klient\u00f3w poprzez pomoc i doradztwo w kompleksowej obs\u0142udze w zakresie finans\u00f3w, kadr i prawa podatkowego. Dzia\u0142amy na rynku od wielu lat, zdobywaj\u0105c&#8230;<\/p>\n","protected":false},"author":1,"featured_media":1378,"parent":0,"menu_order":0,"comment_status":"closed","ping_status":"closed","template":"","meta":{"_kadence_starter_templates_imported_post":true,"_kad_post_transparent":"","_kad_post_title":"hide","_kad_post_layout":"fullwidth","_kad_post_sidebar_id":"","_kad_post_content_style":"unboxed","_kad_post_vertical_padding":"hide","_kad_post_feature":"hide","_kad_post_feature_position":"","_kad_post_header":false,"_kad_post_footer":false,"_kad_post_classname":"","footnotes":""},"class_list":["post-1275","page","type-page","status-publish","has-post-thumbnail","hentry"],"_links":{"self":[{"href":"https:\/\/teamlex.pl\/index.php\/wp-json\/wp\/v2\/pages\/1275","targetHints":{"allow":["GET"]}}],"collection":[{"href":"https:\/\/teamlex.pl\/index.php\/wp-json\/wp\/v2\/pages"}],"about":[{"href":"https:\/\/teamlex.pl\/index.php\/wp-json\/wp\/v2\/types\/page"}],"author":[{"embeddable":true,"href":"https:\/\/teamlex.pl\/index.php\/wp-json\/wp\/v2\/users\/1"}],"replies":[{"embeddable":true,"href":"https:\/\/teamlex.pl\/index.php\/wp-json\/wp\/v2\/comments?post=1275"}],"version-history":[{"count":7,"href":"https:\/\/teamlex.pl\/index.php\/wp-json\/wp\/v2\/pages\/1275\/revisions"}],"predecessor-version":[{"id":1445,"href":"https:\/\/teamlex.pl\/index.php\/wp-json\/wp\/v2\/pages\/1275\/revisions\/1445"}],"wp:featuredmedia":[{"embeddable":true,"href":"https:\/\/teamlex.pl\/index.php\/wp-json\/wp\/v2\/media\/1378"}],"wp:attachment":[{"href":"https:\/\/teamlex.pl\/index.php\/wp-json\/wp\/v2\/media?parent=1275"}],"curies":[{"name":"wp","href":"https:\/\/api.w.org\/{rel}","templated":true}]}}